{"id":58,"date":"2023-07-14T23:02:58","date_gmt":"2023-07-14T21:02:58","guid":{"rendered":"https:\/\/isabellehaas.fr\/?page_id=58"},"modified":"2024-09-01T19:33:38","modified_gmt":"2024-09-01T17:33:38","slug":"presentation","status":"publish","type":"page","link":"https:\/\/isabellehaas.fr\/","title":{"rendered":"Accueil"},"content":{"rendered":"\r\n\r\n\r\n<blockquote>\r\n<p>\u00ab\u00a0La sculpture n&rsquo;est pas une marche vers un Temple sacr\u00e9 gard\u00e9 par des Cerb\u00e8res, mais une belle aventure, une promenade \u00e0 bicyclette avec halte en sous-bois et sur le bord des rivi\u00e8res.\u00a0\u00bb<\/p>\r\n<p>Ossip Zadkine<\/p>\r\n<p><img fetchpriority=\"high\" decoding=\"async\" src=\"https:\/\/isabellehaas.fr\/wp-content\/uploads\/2023\/10\/DOURBIE-225x300.jpg\" alt=\"\" width=\"225\" height=\"300\" \/><\/p>\r\n<\/blockquote>\r\n","protected":false},"excerpt":{"rendered":"<p>\u00ab\u00a0La sculpture n&rsquo;est pas une marche vers un Temple sacr\u00e9 gard\u00e9 par des Cerb\u00e8res, mais une belle aventure, une promenade \u00e0 bicyclette avec halte en sous-bois et sur le bord des rivi\u00e8res.\u00a0\u00bb Ossip Zadkine<\/p>\n","protected":false},"author":1,"featured_media":0,"parent":0,"menu_order":0,"comment_status":"closed","ping_status":"closed","template":"elementor_theme","meta":{"footnotes":""},"class_list":["post-58","page","type-page","status-publish","hentry"],"featured_media_urls":[],"_links":{"self":[{"href":"https:\/\/isabellehaas.fr\/index.php\/wp-json\/wp\/v2\/pages\/58","targetHints":{"allow":["GET"]}}],"collection":[{"href":"https:\/\/isabellehaas.fr\/index.php\/wp-json\/wp\/v2\/pages"}],"about":[{"href":"https:\/\/isabellehaas.fr\/index.php\/wp-json\/wp\/v2\/types\/page"}],"author":[{"embeddable":true,"href":"https:\/\/isabellehaas.fr\/index.php\/wp-json\/wp\/v2\/users\/1"}],"replies":[{"embeddable":true,"href":"https:\/\/isabellehaas.fr\/index.php\/wp-json\/wp\/v2\/comments?post=58"}],"version-history":[{"count":25,"href":"https:\/\/isabellehaas.fr\/index.php\/wp-json\/wp\/v2\/pages\/58\/revisions"}],"predecessor-version":[{"id":639,"href":"https:\/\/isabellehaas.fr\/index.php\/wp-json\/wp\/v2\/pages\/58\/revisions\/639"}],"wp:attachment":[{"href":"https:\/\/isabellehaas.fr\/index.php\/wp-json\/wp\/v2\/media?parent=58"}],"curies":[{"name":"wp","href":"https:\/\/api.w.org\/{rel}","templated":true}]}}