{"id":127,"date":"2023-07-17T18:00:37","date_gmt":"2023-07-17T16:00:37","guid":{"rendered":"https:\/\/isabellehaas.fr\/?page_id=127"},"modified":"2023-10-26T12:35:36","modified_gmt":"2023-10-26T10:35:36","slug":"parcours","status":"publish","type":"page","link":"https:\/\/isabellehaas.fr\/index.php\/parcours\/","title":{"rendered":"Parcours"},"content":{"rendered":"<p><img fetchpriority=\"high\" decoding=\"async\" class=\"size-medium wp-image-561 aligncenter\" src=\"https:\/\/isabellehaas.fr\/wp-content\/uploads\/2023\/10\/Toscane-ete-2007-225x300.jpg\" alt=\"\" width=\"225\" height=\"300\" srcset=\"https:\/\/isabellehaas.fr\/wp-content\/uploads\/2023\/10\/Toscane-ete-2007-225x300.jpg 225w, https:\/\/isabellehaas.fr\/wp-content\/uploads\/2023\/10\/Toscane-ete-2007-600x800.jpg 600w, https:\/\/isabellehaas.fr\/wp-content\/uploads\/2023\/10\/Toscane-ete-2007-768x1024.jpg 768w, https:\/\/isabellehaas.fr\/wp-content\/uploads\/2023\/10\/Toscane-ete-2007-1152x1536.jpg 1152w, https:\/\/isabellehaas.fr\/wp-content\/uploads\/2023\/10\/Toscane-ete-2007-1536x2048.jpg 1536w, https:\/\/isabellehaas.fr\/wp-content\/uploads\/2023\/10\/Toscane-ete-2007-2000x2667.jpg 2000w, https:\/\/isabellehaas.fr\/wp-content\/uploads\/2023\/10\/Toscane-ete-2007-1200x1600.jpg 1200w, https:\/\/isabellehaas.fr\/wp-content\/uploads\/2023\/10\/Toscane-ete-2007-scaled.jpg 1920w\" sizes=\"(max-width: 225px) 100vw, 225px\" \/><\/p>\n<p style=\"text-align: center;\">Aussi loin que je me souvienne j&rsquo;ai toujours \u00e9t\u00e9 sensible \u00e0 l&rsquo;art sous toutes ses formes, et peut-\u00eatre plus particuli\u00e8rement aux arts plastiques et \u00e0 la photographie.<br \/>\nVers l&rsquo;\u00e2ge de 16 ans j&rsquo;ai d\u00e9couvert le travail de Germaine Richier et ce fut un choc. Cela renfor\u00e7at consid\u00e9rablement mon attrait pour la sculpture.<\/p>\n<p style=\"text-align: center;\">C&rsquo;est \u00e0 l&rsquo;\u00e2ge de 18 ans que je pus enfin concr\u00e9tiser mon r\u00eave lorsque je partis vivre \u00e0 S\u00e9ville.<br \/>\nJ&rsquo;eus la chance de prendre des cours particuliers de modelage aupr\u00e8s de Me\u00f1a Morillas dans l&rsquo;atmosph\u00e8re magique et authentique de l&rsquo;atelier s\u00e9villan qu&rsquo;elle partageait avec son \u00e9poux, le peintre Paco Broca.<\/p>\n<p style=\"text-align: center;\">Cette exp\u00e9rience fut d\u00e9cisive et me donna la conviction que la sculpture serait ma voie.<br \/>\nDe retour en France, je poursuivis mon apprentissage \u00e0 Tours, aupr\u00e8s de la sculptrice Marie-Jos\u00e8phe Stenne (photo) aupr\u00e8s de qui j&rsquo;ai appris et \u00e9tudi\u00e9 le modelage durant sept ans. Copies, \u00e9tudes avec mod\u00e8le vivant, cr\u00e9ation libre, etc<\/p>\n<p><img decoding=\"async\" class=\"wp-image-549 size-medium aligncenter\" src=\"https:\/\/isabellehaas.fr\/wp-content\/uploads\/2023\/07\/Marie-Josephe-Stenne-2-300x232.jpg\" alt=\"\" width=\"300\" height=\"232\" srcset=\"https:\/\/isabellehaas.fr\/wp-content\/uploads\/2023\/07\/Marie-Josephe-Stenne-2-300x232.jpg 300w, https:\/\/isabellehaas.fr\/wp-content\/uploads\/2023\/07\/Marie-Josephe-Stenne-2.jpg 506w\" sizes=\"(max-width: 300px) 100vw, 300px\" \/><\/p>\n<p style=\"text-align: center;\">Je suivis \u00e9galement une formation professionnelle de sculpture ornementale sur pierre.<br \/>\nMais mon lien avec la terre \u00e9tait trop fort pour s&rsquo;arr\u00eater l\u00e0.<br \/>\nJe cr\u00e9ai un atelier en 2006 \u00e0 Montpellier pour transmettre \u00e0 mon tour et me d\u00e9dier parall\u00e8lement \u00e0 mes cr\u00e9ations.<\/p>\n<p>&nbsp;<\/p>\n","protected":false},"excerpt":{"rendered":"<p>Aussi loin que je me souvienne j&rsquo;ai toujours \u00e9t\u00e9 sensible \u00e0 l&rsquo;art sous toutes ses formes, et peut-\u00eatre plus particuli\u00e8rement aux arts plastiques et \u00e0 la photographie. Vers l&rsquo;\u00e2ge de 16 ans j&rsquo;ai d\u00e9couvert le travail de Germaine Richier et ce fut un choc. Cela renfor\u00e7at consid\u00e9rablement mon attrait pour la sculpture. C&rsquo;est \u00e0 l&rsquo;\u00e2ge &hellip; <\/p>\n<p class=\"link-more\"><a href=\"https:\/\/isabellehaas.fr\/index.php\/parcours\/\" class=\"more-link\">Lire la suite de<span class=\"screen-reader-text\">\u00ab\u00a0Parcours\u00a0\u00bb<\/span><\/a><\/p>\n","protected":false},"author":1,"featured_media":0,"parent":0,"menu_order":0,"comment_status":"closed","ping_status":"closed","template":"","meta":{"footnotes":""},"class_list":["post-127","page","type-page","status-publish","hentry"],"featured_media_urls":[],"_links":{"self":[{"href":"https:\/\/isabellehaas.fr\/index.php\/wp-json\/wp\/v2\/pages\/127","targetHints":{"allow":["GET"]}}],"collection":[{"href":"https:\/\/isabellehaas.fr\/index.php\/wp-json\/wp\/v2\/pages"}],"about":[{"href":"https:\/\/isabellehaas.fr\/index.php\/wp-json\/wp\/v2\/types\/page"}],"author":[{"embeddable":true,"href":"https:\/\/isabellehaas.fr\/index.php\/wp-json\/wp\/v2\/users\/1"}],"replies":[{"embeddable":true,"href":"https:\/\/isabellehaas.fr\/index.php\/wp-json\/wp\/v2\/comments?post=127"}],"version-history":[{"count":6,"href":"https:\/\/isabellehaas.fr\/index.php\/wp-json\/wp\/v2\/pages\/127\/revisions"}],"predecessor-version":[{"id":565,"href":"https:\/\/isabellehaas.fr\/index.php\/wp-json\/wp\/v2\/pages\/127\/revisions\/565"}],"wp:attachment":[{"href":"https:\/\/isabellehaas.fr\/index.php\/wp-json\/wp\/v2\/media?parent=127"}],"curies":[{"name":"wp","href":"https:\/\/api.w.org\/{rel}","templated":true}]}}